{"id":2308,"date":"2021-10-15T16:07:44","date_gmt":"2021-10-15T19:07:44","guid":{"rendered":"https:\/\/monitoreoareasprotegidas.net.ar\/map\/?page_id=2308"},"modified":"2024-07-30T14:42:24","modified_gmt":"2024-07-30T17:42:24","slug":"argentina","status":"publish","type":"page","link":"https:\/\/monitoreoareasprotegidas.net.ar\/map\/argentina\/","title":{"rendered":"Situaci\u00f3n de las \u00c1reas Protegidas Nacionales"},"content":{"rendered":"\n<figure class=\"wp-block-image size-large\"><a href=\"https:\/\/monitoreoareasprotegidas.net.ar\/map\/wp-content\/uploads\/2021\/10\/1-IMGP0167.png\"><img loading=\"lazy\" decoding=\"async\" width=\"1024\" height=\"307\" src=\"https:\/\/monitoreoareasprotegidas.net.ar\/map\/wp-content\/uploads\/2021\/10\/1-IMGP0167-1024x307.png\" alt=\"\" class=\"wp-image-2401\" srcset=\"https:\/\/monitoreoareasprotegidas.net.ar\/map\/wp-content\/uploads\/2021\/10\/1-IMGP0167-1024x307.png 1024w, https:\/\/monitoreoareasprotegidas.net.ar\/map\/wp-content\/uploads\/2021\/10\/1-IMGP0167-300x90.png 300w, https:\/\/monitoreoareasprotegidas.net.ar\/map\/wp-content\/uploads\/2021\/10\/1-IMGP0167-768x230.png 768w, https:\/\/monitoreoareasprotegidas.net.ar\/map\/wp-content\/uploads\/2021\/10\/1-IMGP0167-1536x461.png 1536w, https:\/\/monitoreoareasprotegidas.net.ar\/map\/wp-content\/uploads\/2021\/10\/1-IMGP0167.png 2000w\" sizes=\"auto, (max-width: 767px) 89vw, (max-width: 1000px) 54vw, (max-width: 1071px) 543px, 580px\" \/><\/a><\/figure>\n\n\n\n<p class=\"has-text-align-justify\">En esta secci\u00f3n te compartimos la actualidad de todas las <strong>AP Nacionales de Argentina<\/strong>.<\/p>\n\n\n\n<p class=\"has-text-align-justify justificar\">Mediante la siguiente infograf\u00eda pod\u00e9s observar el diagn\u00f3stico de superficies y cantidades de AP por organismo de Administraci\u00f3n y Categor\u00eda de Manejo, y profundizar sobre el funcionamiento actual de aquellas administradas exclusivamente por la <strong>Administraci\u00f3n de Parques Nacionales<\/strong> <strong>(APN)<\/strong>.<\/p>\n\n\n\n<script id=\"infogram_0_d3bb2ec5-c7fd-4175-b710-92322ea6c8af\" title=\"APs de Argentina\" src=\"https:\/\/e.infogram.com\/js\/dist\/embed.js?qEn\" type=\"text\/javascript\"><\/script><div style=\"padding:8px 0;font-family:Arial!important;font-size:13px!important;line-height:15px!important;text-align:center;border-top:1px solid #dadada;margin:0 30px\"><a href=\"https:\/\/infogram.com\/d3bb2ec5-c7fd-4175-b710-92322ea6c8af\" style=\"color:#989898!important;text-decoration:none!important;\" target=\"_blank\" rel=\"noopener\">Ingres\u00e1 aqu\u00ed para verla en el sitio de Infogram<\/a><br><\/div>\n\n\n\n<p class=\"has-text-align-center has-small-font-size\"> <em><em>Presion\u00e1 las flechas para desplazarte entre los diferentes paneles de informaci\u00f3n. <\/em><\/em><br><em><em>Tambi\u00e9n pod\u00e9s ampliar la infograf\u00eda a pantalla completa desde el icono superior derecho.<\/em><\/em> <\/p>\n\n\n\n<p class=\"has-text-align-justify justificar\">A continuaci\u00f3n&nbsp;enumeramos las <strong>AP relevadas hasta el a\u00f1o&nbsp;2024<\/strong>, listado que se ir\u00e1 actualizando progresivamente. <\/p>\n\n\n\n<p class=\"has-text-align-justify justificar\">La lista se encuentra dividida seg\u00fan el organismo de Administraci\u00f3n: las administradas exclusivamente por la Administraci\u00f3n de Parques Nacionales (APN), las gestionadas por la APN junto a otros organismos de jurisdicciones provinciales (gesti\u00f3n mixta o compartida), las administradas por la Direcci\u00f3n Nacional del Ant\u00e1rtico\/Instituto Nacional Ant\u00e1rtico, y las administradas por el Ministerio de Defensa.<\/p>\n\n\n\n<div class=\"infogram-embed\" data-id=\"aee94e47-962f-4e0b-949f-49df609f0467\" data-type=\"interactive\" data-title=\"Listado de APs Nacionales\"><\/div><script>!function(e,i,n,s){var t=\"InfogramEmbeds\",d=e.getElementsByTagName(\"script\")[0];if(window[t]&&window[t].initialized)window[t].process&&window[t].process();else if(!e.getElementById(n)){var o=e.createElement(\"script\");o.async=1,o.id=n,o.src=\"https:\/\/e.infogram.com\/js\/dist\/embed-loader-min.js\",d.parentNode.insertBefore(o,d)}}(document,0,\"infogram-async\");<\/script><div style=\"padding:8px 0;font-family:Arial!important;font-size:13px!important;line-height:15px!important;text-align:center;border-top:1px solid #dadada;margin:0 30px\"><a href=\"https:\/\/infogram.com\/aee94e47-962f-4e0b-949f-49df609f0467\" style=\"color:#989898!important;text-decoration:none!important;\" target=\"_blank\" rel=\"noopener\">Ingres\u00e1 aqu\u00ed para verla en el sitio de Infogram<\/a><br><\/div>\n\n\n\n<p class=\"has-text-align-center has-small-font-size\"> <em><em>Presion\u00e1 las flechas para desplazarte entre los diferentes paneles de informaci\u00f3n. <\/em><\/em><br><em><em>Tambi\u00e9n pod\u00e9s ampliar la infograf\u00eda a pantalla completa desde el icono superior derecho.<\/em><\/em> <\/p>\n\n\n\n<p class=\"justificar\">Pod\u00e9s consultar online todas las&nbsp;<strong>cartograf\u00edas de ubicaci\u00f3n y l\u00edmites de cada AP y<\/strong> <strong>OMEC Nacional&nbsp;<\/strong>mediante el siguiente visor cartogr\u00e1fico:<\/p>\n\n\n\n<style>.embed-container {position: relative; padding-bottom: 100%; height: 0; max-width: 100%;} .embed-container iframe, .embed-container object, .embed-container iframe{position: absolute; top: 0; left: 0; width: 100%; height: 100%;} small{position: absolute; z-index: 40; bottom: 0; margin-bottom: -15px;}<\/style><div class=\"embed-container\"><small><a href=\"\/\/www.arcgis.com\/apps\/Embed\/index.html?webmap=5a790a760e1a465a99768164c70c90e7&#038;extent=-103.1604,-60.9497,-6.1291,-16.7583&#038;home=true&#038;zoom=true&#038;scale=true&#038;search=true&#038;searchextent=true&#038;details=true&#038;legendlayers=true&#038;active_panel=details&#038;basemap_gallery=true&#038;disable_scroll=false&#038;theme=light\" style=\"color:#0000FF;text-align:left\" target=\"_blank\" rel=\"noopener\">Ver mapa m\u00e1s grande<\/a><\/small><br><iframe loading=\"lazy\" width=\"500\" height=\"500\" frameborder=\"0\" scrolling=\"no\" marginheight=\"0\" marginwidth=\"0\" title=\"\u00c1reas Protegidas de Argentina\" src=\"\/\/www.arcgis.com\/apps\/Embed\/index.html?webmap=5a790a760e1a465a99768164c70c90e7&#038;extent=-103.1604,-60.9497,-6.1291,-16.7583&#038;home=true&#038;zoom=true&#038;previewImage=false&#038;scale=true&#038;search=true&#038;searchextent=true&#038;details=true&#038;legendlayers=true&#038;active_panel=details&#038;basemap_gallery=true&#038;disable_scroll=false&#038;theme=light\"><\/iframe><\/div>\n\n\n\n<p class=\"has-text-align-center\"> <br><strong>Para ingresar directamente al Visor y utilizarlo a pantalla completa,<br>hac\u00e9 click en el siguiente link:<\/strong> <a rel=\"noreferrer noopener\" href=\"https:\/\/arcg.is\/00u1Oa\" data-type=\"URL\" data-id=\"https:\/\/arcg.is\/00u1Oa\" target=\"_blank\"><strong>https:\/\/arcg.is\/00u1Oa<\/strong><\/a><\/p>\n\n\n\n<p class=\"has-text-align-center\">En la Secci\u00f3n \u00ab<strong><a rel=\"noreferrer noopener\" href=\"https:\/\/monitoreoareasprotegidas.net.ar\/map\/visor-cartografico\/\" target=\"_blank\">Visor Cartogr\u00e1fico<\/a><\/strong>\u00bb encontrar\u00e1s un tutorial&nbsp;en formato<br>archivo PDF,&nbsp;para comprender mejor sus herramientas.<\/p>\n\n\n\n<hr class=\"wp-block-separator has-css-opacity\"\/>\n\n\n\n<p><strong>+INFO:<\/strong><\/p>\n\n\n\n<div class=\"wp-block-columns is-layout-flex wp-container-core-columns-is-layout-9d6595d7 wp-block-columns-is-layout-flex\">\n<div class=\"wp-block-column is-layout-flow wp-block-column-is-layout-flow\" style=\"flex-basis:50%\">\n<p class=\"has-text-align-justify\"><img loading=\"lazy\" decoding=\"async\" width=\"150\" height=\"213\" class=\"wp-image-2321\" style=\"width: 150px;\" src=\"https:\/\/monitoreoareasprotegidas.net.ar\/map\/wp-content\/uploads\/2021\/10\/INDIMAPA-2014-Arg.jpg\" alt=\"\" srcset=\"https:\/\/monitoreoareasprotegidas.net.ar\/map\/wp-content\/uploads\/2021\/10\/INDIMAPA-2014-Arg.jpg 550w, https:\/\/monitoreoareasprotegidas.net.ar\/map\/wp-content\/uploads\/2021\/10\/INDIMAPA-2014-Arg-211x300.jpg 211w\" sizes=\"auto, (max-width: 150px) 100vw, 150px\" \/><\/p>\n<\/div>\n\n\n\n<div class=\"wp-block-column is-layout-flow wp-block-column-is-layout-flow\" style=\"flex-basis:250%\">\n<ul class=\"wp-block-list\">\n<li>Descarg\u00e1 todos los <strong>mapas generados<\/strong> o los <strong>l\u00edmites de AP y OMEC <\/strong> (en formato Shape o KML) desde nuestra Secci\u00f3n \u00ab<strong><a href=\"https:\/\/monitoreoareasprotegidas.net.ar\/map\/publicaciones\" target=\"_blank\" rel=\"noreferrer noopener\">Publicaciones recomendadas<\/a><\/strong>\u00bb en sus primeros apartados.<\/li>\n<\/ul>\n\n\n\n<p><\/p>\n<\/div>\n<\/div>\n\n\n\n<div class=\"wp-block-columns is-layout-flex wp-container-core-columns-is-layout-9d6595d7 wp-block-columns-is-layout-flex\">\n<div class=\"wp-block-column is-layout-flow wp-block-column-is-layout-flow\" style=\"flex-basis:50%\">\n<p><img loading=\"lazy\" decoding=\"async\" width=\"150\" height=\"84\" class=\"wp-image-2253\" style=\"width: 150px;\" src=\"https:\/\/monitoreoareasprotegidas.net.ar\/map\/wp-content\/uploads\/2021\/10\/Ley-6964-Encabezado.jpg\" alt=\"\" srcset=\"https:\/\/monitoreoareasprotegidas.net.ar\/map\/wp-content\/uploads\/2021\/10\/Ley-6964-Encabezado.jpg 1361w, https:\/\/monitoreoareasprotegidas.net.ar\/map\/wp-content\/uploads\/2021\/10\/Ley-6964-Encabezado-300x168.jpg 300w, https:\/\/monitoreoareasprotegidas.net.ar\/map\/wp-content\/uploads\/2021\/10\/Ley-6964-Encabezado-1024x573.jpg 1024w, https:\/\/monitoreoareasprotegidas.net.ar\/map\/wp-content\/uploads\/2021\/10\/Ley-6964-Encabezado-768x430.jpg 768w\" sizes=\"auto, (max-width: 150px) 100vw, 150px\" \/><\/p>\n<\/div>\n\n\n\n<div class=\"wp-block-column is-layout-flow wp-block-column-is-layout-flow\" style=\"flex-basis:250%\">\n<ul class=\"wp-block-list\">\n<li>Descarg\u00e1 toda la <strong>legislaci\u00f3n sobre AP <\/strong>desde nuestra Secci\u00f3n \u00ab<strong><a href=\"https:\/\/monitoreoareasprotegidas.net.ar\/map\/publicaciones\/#Cordoba-3\" data-type=\"URL\" data-id=\"https:\/\/monitoreoareasprotegidas.net.ar\/map\/publicaciones\/#Cordoba-3\" target=\"_blank\" rel=\"noreferrer noopener\">Publicaciones recomendadas<\/a><\/strong>\u00bb en su apartado Nacional.<\/li>\n<\/ul>\n\n\n\n<p><\/p>\n<\/div>\n<\/div>\n","protected":false},"excerpt":{"rendered":"<p>En esta secci\u00f3n te compartimos la actualidad de todas las AP Nacionales de Argentina. Mediante la siguiente infograf\u00eda pod\u00e9s observar el diagn\u00f3stico de superficies y cantidades de AP por organismo de Administraci\u00f3n y Categor\u00eda de Manejo, y profundizar sobre el funcionamiento actual de aquellas administradas exclusivamente por la Administraci\u00f3n de Parques Nacionales (APN). Ingres\u00e1 aqu\u00ed &hellip; <\/p>\n<p class=\"link-more\"><a href=\"https:\/\/monitoreoareasprotegidas.net.ar\/map\/argentina\/\" class=\"more-link\">Continuar leyendo<span class=\"screen-reader-text\"> \u00abSituaci\u00f3n de las \u00c1reas Protegidas Nacionales\u00bb<\/span><\/a><\/p>\n","protected":false},"author":2,"featured_media":0,"parent":0,"menu_order":0,"comment_status":"closed","ping_status":"closed","template":"","meta":{"_seopress_robots_primary_cat":"","_seopress_titles_title":"Situaci\u00f3n de las \u00c1reas Protegidas Nacionales","_seopress_titles_desc":"En esta secci\u00f3n te compartimos la actualidad de todas las AP Nacionales de Argentina.","_seopress_robots_index":"","_seopress_analysis_target_kw":"","footnotes":""},"class_list":["post-2308","page","type-page","status-publish","hentry"],"jetpack_sharing_enabled":true,"_links":{"self":[{"href":"https:\/\/monitoreoareasprotegidas.net.ar\/map\/wp-json\/wp\/v2\/pages\/2308","targetHints":{"allow":["GET"]}}],"collection":[{"href":"https:\/\/monitoreoareasprotegidas.net.ar\/map\/wp-json\/wp\/v2\/pages"}],"about":[{"href":"https:\/\/monitoreoareasprotegidas.net.ar\/map\/wp-json\/wp\/v2\/types\/page"}],"author":[{"embeddable":true,"href":"https:\/\/monitoreoareasprotegidas.net.ar\/map\/wp-json\/wp\/v2\/users\/2"}],"replies":[{"embeddable":true,"href":"https:\/\/monitoreoareasprotegidas.net.ar\/map\/wp-json\/wp\/v2\/comments?post=2308"}],"version-history":[{"count":27,"href":"https:\/\/monitoreoareasprotegidas.net.ar\/map\/wp-json\/wp\/v2\/pages\/2308\/revisions"}],"predecessor-version":[{"id":3161,"href":"https:\/\/monitoreoareasprotegidas.net.ar\/map\/wp-json\/wp\/v2\/pages\/2308\/revisions\/3161"}],"wp:attachment":[{"href":"https:\/\/monitoreoareasprotegidas.net.ar\/map\/wp-json\/wp\/v2\/media?parent=2308"}],"curies":[{"name":"wp","href":"https:\/\/api.w.org\/{rel}","templated":true}]}}