{"id":2237,"date":"2021-10-14T13:25:33","date_gmt":"2021-10-14T16:25:33","guid":{"rendered":"https:\/\/monitoreoareasprotegidas.net.ar\/map\/?page_id=2237"},"modified":"2026-04-15T10:38:16","modified_gmt":"2026-04-15T13:38:16","slug":"cordoba","status":"publish","type":"page","link":"https:\/\/monitoreoareasprotegidas.net.ar\/map\/cordoba\/","title":{"rendered":"Situaci\u00f3n de las \u00c1reas Protegidas y OMEC de C\u00f3rdoba"},"content":{"rendered":"\n<figure class=\"wp-block-image size-large\"><a href=\"https:\/\/monitoreoareasprotegidas.net.ar\/map\/wp-content\/uploads\/2021\/10\/Refugio-de-Vida-Silvestre-FVSA-Los-Barrancos-color.png\"><img loading=\"lazy\" decoding=\"async\" width=\"1024\" height=\"307\" src=\"https:\/\/monitoreoareasprotegidas.net.ar\/map\/wp-content\/uploads\/2021\/10\/Refugio-de-Vida-Silvestre-FVSA-Los-Barrancos-color-1024x307.png\" alt=\"\" class=\"wp-image-2386\" srcset=\"https:\/\/monitoreoareasprotegidas.net.ar\/map\/wp-content\/uploads\/2021\/10\/Refugio-de-Vida-Silvestre-FVSA-Los-Barrancos-color-1024x307.png 1024w, https:\/\/monitoreoareasprotegidas.net.ar\/map\/wp-content\/uploads\/2021\/10\/Refugio-de-Vida-Silvestre-FVSA-Los-Barrancos-color-300x90.png 300w, https:\/\/monitoreoareasprotegidas.net.ar\/map\/wp-content\/uploads\/2021\/10\/Refugio-de-Vida-Silvestre-FVSA-Los-Barrancos-color-768x230.png 768w, https:\/\/monitoreoareasprotegidas.net.ar\/map\/wp-content\/uploads\/2021\/10\/Refugio-de-Vida-Silvestre-FVSA-Los-Barrancos-color-1536x461.png 1536w, https:\/\/monitoreoareasprotegidas.net.ar\/map\/wp-content\/uploads\/2021\/10\/Refugio-de-Vida-Silvestre-FVSA-Los-Barrancos-color.png 2000w\" sizes=\"auto, (max-width: 767px) 89vw, (max-width: 1000px) 54vw, (max-width: 1071px) 543px, 580px\" \/><\/a><\/figure>\n\n\n\n<p class=\"has-text-align-justify justificar\">En esta secci\u00f3n te compartimos la actualidad de todas las AP y OMEC de la provincia de&nbsp;C\u00f3rdoba. <\/p>\n\n\n\n<p class=\"has-text-align-justify justificar\">En esta primer infograf\u00eda te presentamos el diagnostico de superficies y cantidades de AP y OMEC de todo tipo de Administraci\u00f3n y Categor\u00eda de Manejo, y profundizamos sobre el funcionamiento actual de aquellas administradas por el <strong>Gobierno de la Provincia de C\u00f3rdoba<\/strong>, cuya <strong>Autoridad de Aplicaci\u00f3n Provincial <\/strong>es de <strong>Ministerio de <strong>Ambiente<\/strong> y Econom\u00eda Circular<\/strong>. <\/p>\n\n\n\n<script id=\"infogram_0_4b0d0c62-2b24-4c0d-8757-d8da04e332dc\" title=\"APs de C\u00f3rdoba\" src=\"https:\/\/e.infogram.com\/js\/dist\/embed.js?GI4\" type=\"text\/javascript\"><\/script><div style=\"padding:8px 0;font-family:Arial!important;font-size:13px!important;line-height:15px!important;text-align:center;border-top:1px solid #dadada;margin:0 30px\"><a href=\"https:\/\/infogram.com\/4b0d0c62-2b24-4c0d-8757-d8da04e332dc\" style=\"color:#989898!important;text-decoration:none!important;\" target=\"_blank\" rel=\"noopener\">Ingres\u00e1 aqu\u00ed para verla en el sitio de Infogram<\/a><br><\/div>\n\n\n\n<p class=\"has-text-align-center has-small-font-size\"><em>Presion\u00e1 las flechas para desplazarte entre los diferentes paneles de informaci\u00f3n.<\/em><br><em><em>Tambi\u00e9n pod\u00e9s ampliar la infograf\u00eda a pantalla completa desde el icono superior derecho.<\/em><\/em><\/p>\n\n\n\n<p class=\"has-text-align-justify justificar\">Del Informe&nbsp;<strong><a href=\"https:\/\/href.li\/?https:\/\/drive.google.com\/file\/d\/1ZAm0K2G1qQIIXWPuRTnX16eZETjnoTWy\/view?usp=sharing\" data-type=\"URL\" data-id=\"https:\/\/href.li\/?https:\/\/drive.google.com\/file\/d\/1ZAm0K2G1qQIIXWPuRTnX16eZETjnoTWy\/view?usp=sharing\" target=\"_blank\" rel=\"noreferrer noopener\">Situaci\u00f3n de las \u00c1reas Protegidas de la Provincia de C\u00f3rdoba<\/a><\/strong>&nbsp;extraemos los principales resultados del an\u00e1lisis de la&nbsp;<strong>Situaci\u00f3n de M\u00ednima Implementaci\u00f3n <\/strong>de cada AP&nbsp;y OMEC de Administraci\u00f3n estatal del&nbsp;<strong>Sistema de \u00c1reas Naturales Protegidas del Gobierno de la Provincia de C\u00f3rdoba<\/strong>&nbsp;(Argentina) \u2013<strong>SANPPC<\/strong>-, y te lo presentamos con mayor detalle pero de forma resumida en la siguiente infograf\u00eda:<\/p>\n\n\n\n<script id=\"infogram_0_cc09ca50-34ff-4b43-86bf-1373fa75a3ac\" title=\"APs por Indicadores\" src=\"https:\/\/e.infogram.com\/js\/dist\/embed.js?uSj\" type=\"text\/javascript\"><\/script><div style=\"padding:8px 0;font-family:Arial!important;font-size:13px!important;line-height:15px!important;text-align:center;border-top:1px solid #dadada;margin:0 30px\"><a href=\"https:\/\/infogram.com\/cc09ca50-34ff-4b43-86bf-1373fa75a3ac\" style=\"color:#989898!important;text-decoration:none!important;\" target=\"_blank\" rel=\"noopener\">Ingres\u00e1 aqu\u00ed para verla en el sitio de Infogram<\/a><br><\/div>\n\n\n\n<p class=\"has-text-align-center has-small-font-size\"><em>Presion\u00e1 las flechas para desplazarte entre los diferentes paneles de informaci\u00f3n.<\/em><br><em><em>Tambi\u00e9n pod\u00e9s ampliar la infograf\u00eda a pantalla completa desde el icono superior derecho.<\/em><\/em><\/p>\n\n\n\n<p class=\"has-text-align-justify justificar\">A continuaci\u00f3n&nbsp;enumeramos <strong>AP y OMEC relevadas hasta el a\u00f1o&nbsp;2025<\/strong>, listado que se ir\u00e1 actualizando progresivamente.<\/p>\n\n\n\n<p class=\"has-text-align-justify justificar\">La lista se encuentra dividida seg\u00fan el tipo de Administraci\u00f3n: Gubernamental Provincial, Gubernamental Nacional, Gubernamental Municipal o Comunal y Administraci\u00f3n Privada.<\/p>\n\n\n\n<script id=\"infogram_0_a645c916-3db2-4739-b9ee-652c1569e662\" title=\"Lista de APs\" src=\"https:\/\/e.infogram.com\/js\/dist\/embed.js?whh\" type=\"text\/javascript\"><\/script><div style=\"padding:8px 0;font-family:Arial!important;font-size:13px!important;line-height:15px!important;text-align:center;border-top:1px solid #dadada;margin:0 30px\"><a href=\"https:\/\/infogram.com\/a645c916-3db2-4739-b9ee-652c1569e662\" style=\"color:#989898!important;text-decoration:none!important;\" target=\"_blank\" rel=\"noopener\">Ingres\u00e1 aqu\u00ed para verla en el sitio de Infogram<\/a><br><\/div>\n\n\n\n<p class=\"has-text-align-center has-small-font-size\"><em>Presion\u00e1 las flechas para desplazarte entre los diferentes paneles de informaci\u00f3n.<\/em><br><em><em>Tambi\u00e9n pod\u00e9s ampliar la infograf\u00eda a pantalla completa desde el icono superior derecho.<\/em><\/em><\/p>\n\n\n\n<p class=\"has-text-align-justify justificar\"><span style=\"font-size: revert;\">Pod\u00e9s consultar online todas las <\/span><strong style=\"font-size: revert;\">cartograf\u00edas de ubicaci\u00f3n y l\u00edmites de cada AP en C\u00f3rdoba <\/strong>mediante el siguiente visor cartogr\u00e1fico:<\/p>\n\n\n\n<style>.embed-container {position: relative; padding-bottom: 100%; height: 0; max-width: 100%;} .embed-container iframe, .embed-container object, .embed-container iframe{position: absolute; top: 0; left: 0; width: 100%; height: 100%;} small{position: absolute; z-index: 40; bottom: 0; margin-bottom: -15px;}<\/style><div class=\"embed-container\"><small><a href=\"\/\/www.arcgis.com\/apps\/Embed\/index.html?webmap=3f72d161a3e045df860d974911165720&#038;extent=-69.8539,-35.3519,-56.3627,-29.2563&#038;home=true&#038;zoom=true&#038;scale=true&#038;search=true&#038;searchextent=true&#038;details=true&#038;legendlayers=true&#038;active_panel=legend&#038;basemap_gallery=true&#038;disable_scroll=true&#038;theme=light\" style=\"color:#0000FF;text-align:left\" target=\"_blank\" rel=\"noopener\">Ver mapa m\u00e1s grande<\/a><\/small><br><iframe loading=\"lazy\" width=\"500\" height=\"500\" frameborder=\"0\" scrolling=\"no\" marginheight=\"0\" marginwidth=\"0\" title=\"\u00c1reas Protegidas de C\u00f3rdoba\" src=\"\/\/www.arcgis.com\/apps\/Embed\/index.html?webmap=3f72d161a3e045df860d974911165720&#038;extent=-69.8539,-35.3519,-56.3627,-29.2563&#038;home=true&#038;zoom=true&#038;previewImage=false&#038;scale=true&#038;search=true&#038;searchextent=true&#038;details=true&#038;legendlayers=true&#038;active_panel=legend&#038;basemap_gallery=true&#038;disable_scroll=true&#038;theme=light\"><\/iframe><\/div>\n\n\n\n<p class=\"has-text-align-center\"> <br><strong>Para ingresar directamente al Visor y utilizarlo a pantalla completa,<br>hac\u00e9 click en el siguiente link:<\/strong> <a rel=\"noreferrer noopener\" href=\"https:\/\/arcg.is\/1CnPbC\" target=\"_blank\"><strong>&nbsp;<\/strong><\/a><strong><a rel=\"noreferrer noopener\" href=\"https:\/\/arcg.is\/14yLfW\" target=\"_blank\">https:\/\/arcg.is\/14yLfW<\/a><\/strong><\/p>\n\n\n\n<p class=\"has-text-align-center\"><span style=\"font-size: revert;\">En la Secci\u00f3n \u00ab<\/span><strong style=\"font-size: revert;\"><a rel=\"noreferrer noopener\" href=\"https:\/\/monitoreoareasprotegidas.net.ar\/map\/visor-cartografico\/\" target=\"_blank\">Visor Cartogr\u00e1fico<\/a><\/strong><span style=\"font-size: revert;\">\u00bb encontrar\u00e1s un tutorial <\/span>en formato <br>archivo PDF, <span style=\"font-size: revert;\">para comprender mejor sus herramientas.<\/span> <\/p>\n\n\n\n<hr class=\"wp-block-separator has-css-opacity\"\/>\n\n\n\n<p><strong>+INFO:<\/strong><\/p>\n\n\n\n<div class=\"wp-block-columns is-layout-flex wp-container-core-columns-is-layout-9d6595d7 wp-block-columns-is-layout-flex\">\n<div class=\"wp-block-column is-layout-flow wp-block-column-is-layout-flow\" style=\"flex-basis:50%\">\n<p class=\"has-text-align-justify\"><img loading=\"lazy\" decoding=\"async\" width=\"100\" height=\"141\" class=\"wp-image-2250\" style=\"width: 100px;\" src=\"https:\/\/monitoreoareasprotegidas.net.ar\/map\/wp-content\/uploads\/2021\/10\/APs_Cba-scaled.jpg\" alt=\"\" srcset=\"https:\/\/monitoreoareasprotegidas.net.ar\/map\/wp-content\/uploads\/2021\/10\/APs_Cba-scaled.jpg 1812w, https:\/\/monitoreoareasprotegidas.net.ar\/map\/wp-content\/uploads\/2021\/10\/APs_Cba-212x300.jpg 212w, https:\/\/monitoreoareasprotegidas.net.ar\/map\/wp-content\/uploads\/2021\/10\/APs_Cba-725x1024.jpg 725w, https:\/\/monitoreoareasprotegidas.net.ar\/map\/wp-content\/uploads\/2021\/10\/APs_Cba-768x1085.jpg 768w, https:\/\/monitoreoareasprotegidas.net.ar\/map\/wp-content\/uploads\/2021\/10\/APs_Cba-1087x1536.jpg 1087w, https:\/\/monitoreoareasprotegidas.net.ar\/map\/wp-content\/uploads\/2021\/10\/APs_Cba-1449x2048.jpg 1449w\" sizes=\"auto, (max-width: 100px) 100vw, 100px\" \/><\/p>\n<\/div>\n\n\n\n<div class=\"wp-block-column is-layout-flow wp-block-column-is-layout-flow\" style=\"flex-basis:250%\">\n<ul class=\"wp-block-list\">\n<li>Descarg\u00e1 todos los <strong>mapas generados<\/strong> o los <strong>l\u00edmites de AP<\/strong> (en formato Shape o KML) desde nuestra Secci\u00f3n \u00ab<strong><a href=\"https:\/\/monitoreoareasprotegidas.net.ar\/map\/publicaciones\" target=\"_blank\" rel=\"noreferrer noopener\">Publicaciones recomendadas<\/a><\/strong>\u00bb en sus primeros apartados.<\/li>\n<\/ul>\n\n\n\n<p><\/p>\n<\/div>\n<\/div>\n\n\n\n<div class=\"wp-block-columns is-layout-flex wp-container-core-columns-is-layout-9d6595d7 wp-block-columns-is-layout-flex\">\n<div class=\"wp-block-column is-layout-flow wp-block-column-is-layout-flow\" style=\"flex-basis:50%\">\n<p><img loading=\"lazy\" decoding=\"async\" width=\"150\" height=\"84\" class=\"wp-image-2253\" style=\"width: 150px;\" src=\"https:\/\/monitoreoareasprotegidas.net.ar\/map\/wp-content\/uploads\/2021\/10\/Ley-6964-Encabezado.jpg\" alt=\"\" srcset=\"https:\/\/monitoreoareasprotegidas.net.ar\/map\/wp-content\/uploads\/2021\/10\/Ley-6964-Encabezado.jpg 1361w, https:\/\/monitoreoareasprotegidas.net.ar\/map\/wp-content\/uploads\/2021\/10\/Ley-6964-Encabezado-300x168.jpg 300w, https:\/\/monitoreoareasprotegidas.net.ar\/map\/wp-content\/uploads\/2021\/10\/Ley-6964-Encabezado-1024x573.jpg 1024w, https:\/\/monitoreoareasprotegidas.net.ar\/map\/wp-content\/uploads\/2021\/10\/Ley-6964-Encabezado-768x430.jpg 768w\" sizes=\"auto, (max-width: 150px) 100vw, 150px\" \/><\/p>\n<\/div>\n\n\n\n<div class=\"wp-block-column is-layout-flow wp-block-column-is-layout-flow\" style=\"flex-basis:250%\">\n<ul class=\"wp-block-list\">\n<li>Descarg\u00e1 toda la <strong>legislaci\u00f3n sobre APs <\/strong>desde nuestra Secci\u00f3n \u00ab<strong><a rel=\"noreferrer noopener\" href=\"https:\/\/monitoreoareasprotegidas.net.ar\/map\/publicaciones\/#Cordoba-3\" target=\"_blank\" data-type=\"URL\" data-id=\"https:\/\/monitoreoareasprotegidas.net.ar\/map\/publicaciones\/#Cordoba-3\">Publicaciones recomendadas<\/a><\/strong>\u00bb en su apartado sobre C\u00f3rdoba.<\/li>\n<\/ul>\n\n\n\n<p><\/p>\n<\/div>\n<\/div>\n","protected":false},"excerpt":{"rendered":"<p>En esta secci\u00f3n te compartimos la actualidad de todas las AP y OMEC de la provincia de&nbsp;C\u00f3rdoba. En esta primer infograf\u00eda te presentamos el diagnostico de superficies y cantidades de AP y OMEC de todo tipo de Administraci\u00f3n y Categor\u00eda de Manejo, y profundizamos sobre el funcionamiento actual de aquellas administradas por el Gobierno de &hellip; <\/p>\n<p class=\"link-more\"><a href=\"https:\/\/monitoreoareasprotegidas.net.ar\/map\/cordoba\/\" class=\"more-link\">Continuar leyendo<span class=\"screen-reader-text\"> \u00abSituaci\u00f3n de las \u00c1reas Protegidas y OMEC de C\u00f3rdoba\u00bb<\/span><\/a><\/p>\n","protected":false},"author":2,"featured_media":0,"parent":0,"menu_order":0,"comment_status":"closed","ping_status":"closed","template":"","meta":{"_seopress_robots_primary_cat":"","_seopress_titles_title":"Situaci\u00f3n de las \u00c1reas Protegidas y OMEC de C\u00f3rdoba","_seopress_titles_desc":"En esta secci\u00f3n te compartimos la actualidad de todas las AP y OMEC de la provincia de\u00a0C\u00f3rdoba.","_seopress_robots_index":"","footnotes":""},"class_list":["post-2237","page","type-page","status-publish","hentry"],"jetpack_sharing_enabled":true,"_links":{"self":[{"href":"https:\/\/monitoreoareasprotegidas.net.ar\/map\/wp-json\/wp\/v2\/pages\/2237","targetHints":{"allow":["GET"]}}],"collection":[{"href":"https:\/\/monitoreoareasprotegidas.net.ar\/map\/wp-json\/wp\/v2\/pages"}],"about":[{"href":"https:\/\/monitoreoareasprotegidas.net.ar\/map\/wp-json\/wp\/v2\/types\/page"}],"author":[{"embeddable":true,"href":"https:\/\/monitoreoareasprotegidas.net.ar\/map\/wp-json\/wp\/v2\/users\/2"}],"replies":[{"embeddable":true,"href":"https:\/\/monitoreoareasprotegidas.net.ar\/map\/wp-json\/wp\/v2\/comments?post=2237"}],"version-history":[{"count":45,"href":"https:\/\/monitoreoareasprotegidas.net.ar\/map\/wp-json\/wp\/v2\/pages\/2237\/revisions"}],"predecessor-version":[{"id":3503,"href":"https:\/\/monitoreoareasprotegidas.net.ar\/map\/wp-json\/wp\/v2\/pages\/2237\/revisions\/3503"}],"wp:attachment":[{"href":"https:\/\/monitoreoareasprotegidas.net.ar\/map\/wp-json\/wp\/v2\/media?parent=2237"}],"curies":[{"name":"wp","href":"https:\/\/api.w.org\/{rel}","templated":true}]}}